{"id":157,"date":"2024-04-26T16:04:14","date_gmt":"2024-04-26T16:04:14","guid":{"rendered":"https:\/\/www.praxis-altuntas.ch\/?page_id=157"},"modified":"2024-05-17T09:27:09","modified_gmt":"2024-05-17T09:27:09","slug":"leistungsspektrum","status":"publish","type":"page","link":"https:\/\/www.praxis-altuntas.ch\/index.php\/leistungsspektrum\/","title":{"rendered":"Leistungsspektrum"},"content":{"rendered":"\t\t<div data-elementor-type=\"wp-page\" data-elementor-id=\"157\" class=\"elementor elementor-157\">\n\t\t\t\t\t\t<section class=\"elementor-section elementor-top-section elementor-element elementor-element-66c5ee5e elementor-section-height-min-height elementor-section-boxed elementor-section-height-default elementor-section-items-middle wpr-particle-no wpr-jarallax-no wpr-parallax-no wpr-sticky-section-no\" data-id=\"66c5ee5e\" data-element_type=\"section\" data-settings=\"{&quot;background_background&quot;:&quot;classic&quot;,&quot;shape_divider_bottom&quot;:&quot;tilt&quot;}\">\n\t\t\t\t\t\t\t<div class=\"elementor-background-overlay\"><\/div>\n\t\t\t\t\t\t<div class=\"elementor-shape elementor-shape-bottom\" aria-hidden=\"true\" data-negative=\"false\">\n\t\t\t<svg xmlns=\"http:\/\/www.w3.org\/2000\/svg\" viewBox=\"0 0 1000 100\" preserveAspectRatio=\"none\">\n\t<path class=\"elementor-shape-fill\" d=\"M0,6V0h1000v100L0,6z\"\/>\n<\/svg>\t\t<\/div>\n\t\t\t\t\t<div class=\"elementor-container elementor-column-gap-default\">\n\t\t\t\t\t<div class=\"elementor-column elementor-col-100 elementor-top-column elementor-element elementor-element-36bcffdf\" data-id=\"36bcffdf\" data-element_type=\"column\">\n\t\t\t<div class=\"elementor-widget-wrap elementor-element-populated\">\n\t\t\t\t\t\t<div class=\"elementor-element elementor-element-7c2c4582 elementor-widget elementor-widget-heading\" data-id=\"7c2c4582\" data-element_type=\"widget\" data-widget_type=\"heading.default\">\n\t\t\t\t<div class=\"elementor-widget-container\">\n\t\t\t\t\t<h2 class=\"elementor-heading-title elementor-size-default\">Leistungsspektrum<\/h2>\t\t\t\t<\/div>\n\t\t\t\t<\/div>\n\t\t\t\t<div class=\"elementor-element elementor-element-7ba04e2c elementor-widget elementor-widget-heading\" data-id=\"7ba04e2c\" data-element_type=\"widget\" data-widget_type=\"heading.default\">\n\t\t\t\t<div class=\"elementor-widget-container\">\n\t\t\t\t\t<h2 class=\"elementor-heading-title elementor-size-default\">Home - Leistungsspektrum<\/h2>\t\t\t\t<\/div>\n\t\t\t\t<\/div>\n\t\t\t\t\t<\/div>\n\t\t<\/div>\n\t\t\t\t\t<\/div>\n\t\t<\/section>\n\t\t<div class=\"elementor-element elementor-element-2557e7c e-flex e-con-boxed wpr-particle-no wpr-jarallax-no wpr-parallax-no wpr-sticky-section-no e-con e-parent\" data-id=\"2557e7c\" data-element_type=\"container\">\n\t\t\t\t\t<div class=\"e-con-inner\">\n\t\t<div class=\"elementor-element elementor-element-c73080d e-con-full e-flex wpr-particle-no wpr-jarallax-no wpr-parallax-no wpr-sticky-section-no e-con e-child\" data-id=\"c73080d\" data-element_type=\"container\">\n\t\t\t\t<div class=\"elementor-element elementor-element-0650225 elementor-widget elementor-widget-heading\" data-id=\"0650225\" data-element_type=\"widget\" data-widget_type=\"heading.default\">\n\t\t\t\t<div class=\"elementor-widget-container\">\n\t\t\t\t\t<h2 class=\"elementor-heading-title elementor-size-default\">Praxis Altuntas<\/h2>\t\t\t\t<\/div>\n\t\t\t\t<\/div>\n\t\t\t\t<div class=\"elementor-element elementor-element-659e7df elementor-widget elementor-widget-heading\" data-id=\"659e7df\" data-element_type=\"widget\" data-widget_type=\"heading.default\">\n\t\t\t\t<div class=\"elementor-widget-container\">\n\t\t\t\t\t<h2 class=\"elementor-heading-title elementor-size-default\">Medizinisches Angebot<\/h2>\t\t\t\t<\/div>\n\t\t\t\t<\/div>\n\t\t\t\t<div class=\"elementor-element elementor-element-55707ba elementor-widget elementor-widget-text-editor\" data-id=\"55707ba\" data-element_type=\"widget\" data-widget_type=\"text-editor.default\">\n\t\t\t\t<div class=\"elementor-widget-container\">\n\t\t\t\t\t\t\t\t\t<ul><li>Kontinuierliche Begleitung bei chronischen Krankheiten<\/li><li>Abkl\u00e4rung neu aufgetretener gesundheitlicher Probleme<\/li><li>Pr\u00e4vention (Vorsorgeuntersuchungen)<\/li><li>Medizinische Check-ups<\/li><li>Periodische Laborkontrolle (Blut und Urin)<\/li><li>Direkte Medikamentenabgabe<\/li><li>Verkehrsmedizinische Untersuchungen (Gruppe 1 und 2)<\/li><li>Impf- und Reiseberatung<\/li><li>Wundversorgung<\/li><li>Infusionstherapien (u.a. bei Eisenmangel)<\/li><li>Ohrsp\u00fclungen<\/li><li>Tauglichkeitsuntersuchung Nacht-\/Schichtarbeit<\/li><li>Periodische Kontrollen<\/li><li>Berufskrankheiten<\/li><li>Desensibilisierung bei Allergien<\/li><li>Botox-Behandlung<\/li><li>Medizinische Grundversorgung f\u00fcr Kinder ab 10 Jahren und Erwachsene<\/li><\/ul>\t\t\t\t\t\t\t\t<\/div>\n\t\t\t\t<\/div>\n\t\t\t\t<\/div>\n\t\t<div class=\"elementor-element elementor-element-5c8ffee e-con-full e-flex wpr-particle-no wpr-jarallax-no wpr-parallax-no wpr-sticky-section-no e-con e-child\" data-id=\"5c8ffee\" data-element_type=\"container\">\n\t\t\t\t<div class=\"elementor-element elementor-element-967e96a elementor-widget elementor-widget-image\" data-id=\"967e96a\" data-element_type=\"widget\" data-widget_type=\"image.default\">\n\t\t\t\t<div class=\"elementor-widget-container\">\n\t\t\t\t\t\t\t\t\t\t\t\t\t\t\t<img fetchpriority=\"high\" decoding=\"async\" width=\"1024\" height=\"768\" src=\"https:\/\/www.praxis-altuntas.ch\/wp-content\/uploads\/2024\/04\/WhatsApp-Gorsel-2024-04-25-saat-12.59.49_2c0c31f7-1024x768.jpg\" class=\"attachment-large size-large wp-image-159\" alt=\"\" srcset=\"https:\/\/www.praxis-altuntas.ch\/wp-content\/uploads\/2024\/04\/WhatsApp-Gorsel-2024-04-25-saat-12.59.49_2c0c31f7-1024x768.jpg 1024w, https:\/\/www.praxis-altuntas.ch\/wp-content\/uploads\/2024\/04\/WhatsApp-Gorsel-2024-04-25-saat-12.59.49_2c0c31f7-300x225.jpg 300w, https:\/\/www.praxis-altuntas.ch\/wp-content\/uploads\/2024\/04\/WhatsApp-Gorsel-2024-04-25-saat-12.59.49_2c0c31f7-768x576.jpg 768w, https:\/\/www.praxis-altuntas.ch\/wp-content\/uploads\/2024\/04\/WhatsApp-Gorsel-2024-04-25-saat-12.59.49_2c0c31f7-1536x1152.jpg 1536w, https:\/\/www.praxis-altuntas.ch\/wp-content\/uploads\/2024\/04\/WhatsApp-Gorsel-2024-04-25-saat-12.59.49_2c0c31f7.jpg 1600w\" sizes=\"(max-width: 1024px) 100vw, 1024px\" \/>\t\t\t\t\t\t\t\t\t\t\t\t\t\t\t<\/div>\n\t\t\t\t<\/div>\n\t\t\t\t<\/div>\n\t\t\t\t\t<\/div>\n\t\t\t\t<\/div>\n\t\t<div class=\"elementor-element elementor-element-8c20668 e-flex e-con-boxed wpr-particle-no wpr-jarallax-no wpr-parallax-no wpr-sticky-section-no e-con e-parent\" data-id=\"8c20668\" data-element_type=\"container\" data-settings=\"{&quot;background_background&quot;:&quot;classic&quot;}\">\n\t\t\t\t\t<div class=\"e-con-inner\">\n\t\t<div class=\"elementor-element elementor-element-f288ada e-con-full e-flex wpr-particle-no wpr-jarallax-no wpr-parallax-no wpr-sticky-section-no e-con e-child\" data-id=\"f288ada\" data-element_type=\"container\">\n\t\t\t\t<div class=\"elementor-element elementor-element-0fac5d9 elementor-widget elementor-widget-image\" data-id=\"0fac5d9\" data-element_type=\"widget\" data-widget_type=\"image.default\">\n\t\t\t\t<div class=\"elementor-widget-container\">\n\t\t\t\t\t\t\t\t\t\t\t\t\t\t\t<img decoding=\"async\" width=\"1024\" height=\"768\" src=\"https:\/\/www.praxis-altuntas.ch\/wp-content\/uploads\/2024\/04\/WhatsApp-Gorsel-2024-04-25-saat-13.00.00_825f31b5-1024x768.jpg\" class=\"attachment-large size-large wp-image-160\" alt=\"\" srcset=\"https:\/\/www.praxis-altuntas.ch\/wp-content\/uploads\/2024\/04\/WhatsApp-Gorsel-2024-04-25-saat-13.00.00_825f31b5-1024x768.jpg 1024w, https:\/\/www.praxis-altuntas.ch\/wp-content\/uploads\/2024\/04\/WhatsApp-Gorsel-2024-04-25-saat-13.00.00_825f31b5-300x225.jpg 300w, https:\/\/www.praxis-altuntas.ch\/wp-content\/uploads\/2024\/04\/WhatsApp-Gorsel-2024-04-25-saat-13.00.00_825f31b5-768x576.jpg 768w, https:\/\/www.praxis-altuntas.ch\/wp-content\/uploads\/2024\/04\/WhatsApp-Gorsel-2024-04-25-saat-13.00.00_825f31b5-1536x1152.jpg 1536w, https:\/\/www.praxis-altuntas.ch\/wp-content\/uploads\/2024\/04\/WhatsApp-Gorsel-2024-04-25-saat-13.00.00_825f31b5.jpg 1600w\" sizes=\"(max-width: 1024px) 100vw, 1024px\" \/>\t\t\t\t\t\t\t\t\t\t\t\t\t\t\t<\/div>\n\t\t\t\t<\/div>\n\t\t\t\t<\/div>\n\t\t<div class=\"elementor-element elementor-element-b642395 e-con-full e-flex wpr-particle-no wpr-jarallax-no wpr-parallax-no wpr-sticky-section-no e-con e-child\" data-id=\"b642395\" data-element_type=\"container\">\n\t\t\t\t<div class=\"elementor-element elementor-element-ba3d113 elementor-widget elementor-widget-heading\" data-id=\"ba3d113\" data-element_type=\"widget\" data-widget_type=\"heading.default\">\n\t\t\t\t<div class=\"elementor-widget-container\">\n\t\t\t\t\t<h2 class=\"elementor-heading-title elementor-size-default\">Praxis Altuntas<\/h2>\t\t\t\t<\/div>\n\t\t\t\t<\/div>\n\t\t\t\t<div class=\"elementor-element elementor-element-4aee664 elementor-widget elementor-widget-heading\" data-id=\"4aee664\" data-element_type=\"widget\" data-widget_type=\"heading.default\">\n\t\t\t\t<div class=\"elementor-widget-container\">\n\t\t\t\t\t<h2 class=\"elementor-heading-title elementor-size-default\">Diagnostik und Therapie von Hochdruckkrankheiten (prim\u00e4re und sekund\u00e4re arterielle Hypertonieformen)\n<\/h2>\t\t\t\t<\/div>\n\t\t\t\t<\/div>\n\t\t\t\t<div class=\"elementor-element elementor-element-50521f8 elementor-widget elementor-widget-text-editor\" data-id=\"50521f8\" data-element_type=\"widget\" data-widget_type=\"text-editor.default\">\n\t\t\t\t<div class=\"elementor-widget-container\">\n\t\t\t\t\t\t\t\t\t<ul><li>Komplizierte Harnwegsinfekte und infekti\u00f6se Nierenerkrankungen<\/li><li>Akutes und chronisches Nierenversagen bis vor Nierenersatzverfahren<\/li><li>St\u00f6rungen des Wasser-Elektrolythaushaltes<\/li><li>St\u00f6rungen des Mineralhaushaltes und des Vitamin D-Stoffwechsels<\/li><li>St\u00f6rungen des S\u00e4ure-Basenhaushaltes<\/li><li>Prim\u00e4re und sekund\u00e4re Glomerulopathien<\/li><\/ul>\t\t\t\t\t\t\t\t<\/div>\n\t\t\t\t<\/div>\n\t\t\t\t<\/div>\n\t\t\t\t\t<\/div>\n\t\t\t\t<\/div>\n\t\t<div class=\"elementor-element elementor-element-6b5c84d e-flex e-con-boxed wpr-particle-no wpr-jarallax-no wpr-parallax-no wpr-sticky-section-no e-con e-parent\" data-id=\"6b5c84d\" data-element_type=\"container\">\n\t\t\t\t\t<div class=\"e-con-inner\">\n\t\t<div class=\"elementor-element elementor-element-bc0e1bd e-con-full e-flex wpr-particle-no wpr-jarallax-no wpr-parallax-no wpr-sticky-section-no e-con e-child\" data-id=\"bc0e1bd\" data-element_type=\"container\">\n\t\t\t\t<div class=\"elementor-element elementor-element-3bd7c9d elementor-widget elementor-widget-heading\" data-id=\"3bd7c9d\" data-element_type=\"widget\" data-widget_type=\"heading.default\">\n\t\t\t\t<div class=\"elementor-widget-container\">\n\t\t\t\t\t<h2 class=\"elementor-heading-title elementor-size-default\">Praxis Altuntas<\/h2>\t\t\t\t<\/div>\n\t\t\t\t<\/div>\n\t\t\t\t<div class=\"elementor-element elementor-element-995cc03 elementor-widget elementor-widget-heading\" data-id=\"995cc03\" data-element_type=\"widget\" data-widget_type=\"heading.default\">\n\t\t\t\t<div class=\"elementor-widget-container\">\n\t\t\t\t\t<h2 class=\"elementor-heading-title elementor-size-default\">Diagnostik<\/h2>\t\t\t\t<\/div>\n\t\t\t\t<\/div>\n\t\t\t\t<div class=\"elementor-element elementor-element-5dd2cdf elementor-widget elementor-widget-text-editor\" data-id=\"5dd2cdf\" data-element_type=\"widget\" data-widget_type=\"text-editor.default\">\n\t\t\t\t<div class=\"elementor-widget-container\">\n\t\t\t\t\t\t\t\t\t<ul><li>Umfassendes internes Praxislabor<\/li><li>Ruhe- und Langzeit-EKG<\/li><li>24-Stunden Blutdruckmessung<\/li><li>\u00a0Lungenfunktionsmessungen<\/li><li>Ultraschall ( Bauchorgane, Weichteile und Schilddr\u00fcse)<\/li><li>\u00a0R\u00f6ntgen (digital, strahlungsarm)<\/li><\/ul>\t\t\t\t\t\t\t\t<\/div>\n\t\t\t\t<\/div>\n\t\t\t\t<\/div>\n\t\t<div class=\"elementor-element elementor-element-fbf3d67 e-con-full e-flex wpr-particle-no wpr-jarallax-no wpr-parallax-no wpr-sticky-section-no e-con e-child\" data-id=\"fbf3d67\" data-element_type=\"container\">\n\t\t\t\t<div class=\"elementor-element elementor-element-1efd757 elementor-widget elementor-widget-image\" data-id=\"1efd757\" data-element_type=\"widget\" data-widget_type=\"image.default\">\n\t\t\t\t<div class=\"elementor-widget-container\">\n\t\t\t\t\t\t\t\t\t\t\t\t\t\t\t<img decoding=\"async\" width=\"1024\" height=\"768\" src=\"https:\/\/www.praxis-altuntas.ch\/wp-content\/uploads\/2024\/04\/WhatsApp-Gorsel-2024-04-25-saat-12.59.27_2ec17bbf-1024x768.jpg\" class=\"attachment-large size-large wp-image-161\" alt=\"\" srcset=\"https:\/\/www.praxis-altuntas.ch\/wp-content\/uploads\/2024\/04\/WhatsApp-Gorsel-2024-04-25-saat-12.59.27_2ec17bbf-1024x768.jpg 1024w, https:\/\/www.praxis-altuntas.ch\/wp-content\/uploads\/2024\/04\/WhatsApp-Gorsel-2024-04-25-saat-12.59.27_2ec17bbf-300x225.jpg 300w, https:\/\/www.praxis-altuntas.ch\/wp-content\/uploads\/2024\/04\/WhatsApp-Gorsel-2024-04-25-saat-12.59.27_2ec17bbf-768x576.jpg 768w, https:\/\/www.praxis-altuntas.ch\/wp-content\/uploads\/2024\/04\/WhatsApp-Gorsel-2024-04-25-saat-12.59.27_2ec17bbf-1536x1152.jpg 1536w, https:\/\/www.praxis-altuntas.ch\/wp-content\/uploads\/2024\/04\/WhatsApp-Gorsel-2024-04-25-saat-12.59.27_2ec17bbf.jpg 1600w\" sizes=\"(max-width: 1024px) 100vw, 1024px\" \/>\t\t\t\t\t\t\t\t\t\t\t\t\t\t\t<\/div>\n\t\t\t\t<\/div>\n\t\t\t\t<\/div>\n\t\t\t\t\t<\/div>\n\t\t\t\t<\/div>\n\t\t\t\t<\/div>\n\t\t","protected":false},"excerpt":{"rendered":"<p>Leistungsspektrum Home &#8211; Leistungsspektrum Praxis Altuntas Medizinisches Angebot Kontinuierliche Begleitung bei chronischen Krankheiten Abkl\u00e4rung neu aufgetretener gesundheitlicher Probleme Pr\u00e4vention (Vorsorgeuntersuchungen) Medizinische Check-ups Periodische Laborkontrolle (Blut und Urin) Direkte Medikamentenabgabe Verkehrsmedizinische Untersuchungen (Gruppe 1 und 2) Impf- und Reiseberatung Wundversorgung Infusionstherapien (u.a. bei Eisenmangel) Ohrsp\u00fclungen Tauglichkeitsuntersuchung Nacht-\/Schichtarbeit Periodische Kontrollen Berufskrankheiten Desensibilisierung bei Allergien Botox-Behandlung Medizinische Grundversorgung f\u00fcr Kinder ab 10 Jahren und Erwachsene Praxis Altuntas Diagnostik und Therapie von Hochdruckkrankheiten (prim\u00e4re und sekund\u00e4re arterielle Hypertonieformen) Komplizierte Harnwegsinfekte und infekti\u00f6se Nierenerkrankungen Akutes und chronisches Nierenversagen bis vor Nierenersatzverfahren St\u00f6rungen des Wasser-Elektrolythaushaltes St\u00f6rungen des Mineralhaushaltes und des Vitamin D-Stoffwechsels St\u00f6rungen des S\u00e4ure-Basenhaushaltes Prim\u00e4re und sekund\u00e4re Glomerulopathien Praxis Altuntas Diagnostik Umfassendes internes Praxislabor Ruhe- und Langzeit-EKG 24-Stunden Blutdruckmessung \u00a0Lungenfunktionsmessungen Ultraschall ( Bauchorgane, Weichteile und Schilddr\u00fcse) \u00a0R\u00f6ntgen (digital, strahlungsarm)<\/p>\n","protected":false},"author":1,"featured_media":0,"parent":0,"menu_order":0,"comment_status":"closed","ping_status":"closed","template":"elementor_header_footer","meta":{"footnotes":""},"class_list":["post-157","page","type-page","status-publish","hentry","description-off"],"_links":{"self":[{"href":"https:\/\/www.praxis-altuntas.ch\/index.php\/wp-json\/wp\/v2\/pages\/157","targetHints":{"allow":["GET"]}}],"collection":[{"href":"https:\/\/www.praxis-altuntas.ch\/index.php\/wp-json\/wp\/v2\/pages"}],"about":[{"href":"https:\/\/www.praxis-altuntas.ch\/index.php\/wp-json\/wp\/v2\/types\/page"}],"author":[{"embeddable":true,"href":"https:\/\/www.praxis-altuntas.ch\/index.php\/wp-json\/wp\/v2\/users\/1"}],"replies":[{"embeddable":true,"href":"https:\/\/www.praxis-altuntas.ch\/index.php\/wp-json\/wp\/v2\/comments?post=157"}],"version-history":[{"count":10,"href":"https:\/\/www.praxis-altuntas.ch\/index.php\/wp-json\/wp\/v2\/pages\/157\/revisions"}],"predecessor-version":[{"id":285,"href":"https:\/\/www.praxis-altuntas.ch\/index.php\/wp-json\/wp\/v2\/pages\/157\/revisions\/285"}],"wp:attachment":[{"href":"https:\/\/www.praxis-altuntas.ch\/index.php\/wp-json\/wp\/v2\/media?parent=157"}],"curies":[{"name":"wp","href":"https:\/\/api.w.org\/{rel}","templated":true}]}}